base 16
-184d
116 (base 16) to base 15
138
What is 1100110100110 (base 2) in base 10?
6566
130030 (base 4) to base 7
5155
Convert -2361 (base 7) to base 16.
-36c
Convert 202122002 (base 3) to base 11.
10334
Convert 13133 (base 4) to base 15.
21e
-133c1 (base 13) to base 6
-433452
What is 1504 (base 9) in base 15?
50d
What is -4aa5 (base 11) in base 7?
-25246
-710 (base 16) to base 10
-1808
6334 (base 8) to base 13
1663
Convert -5505 (base 10) to base 2.
-1010110000001
Convert 275 (base 16) to base 14.
32d
Convert 44706 (base 8) to base 15.
58e1
What is -12001222 (base 3) in base 9?
-5058
What is 65c (base 13) in base 10?
1091
Convert -334d (base 15) to base 3.
-112220201
45176 (base 11) to base 13
23a17
-298 (base 15) to base 5
-4333
What is -18d3 (base 15) in base 14?
-1d5b
Convert -1501 (base 6) to base 4.
-12031
3636 (base 7) to base 11
1018
-324364 (base 7) to base 9
-85807
Convert 23727 (base 10) to base 9.
35483
-11011011 (base 3) to base 14
-1164
What is -303 (base 8) in base 6?
-523
6982 (base 10) to base 3
100120121
-64 (base 11) to base 14
-50
Convert -2983 (base 12) to base 9.
-6580
What is -325 (base 7) in base 16?
-a6
1001101111001000 (base 2) to base 4
21233020
-441 (base 8) to base 2
-100100001
21111 (base 3) to base 4
3022
What is -133112 (base 4) in base 15?
-8db
448 (base 11) to base 5
4121
What is 320022 (base 4) in base 5?
103334
46867 (base 9) to base 6
401011
What is 5353 (base 6) in base 15?
566
What is -45104 (base 6) in base 14?
-2424
What is 121535 (base 8) in base 10?
41821
4a4 (base 14) to base 6
4144
What is -1076 (base 10) in base 11?
-899
What is 622b (base 12) in base 2?
10100111000011
100110100100110 (base 2) to base 6
231234
Convert -5652 (base 8) to base 10.
-2986
Convert -2125 (base 7) to base 2.
-1011110010
Convert 7128 (base 9) to base 4.
1101122
Convert 1140 (base 13) to base 2.
100101110010
50524 (base 6) to base 13
3067
What is 7950 (base 14) in base 9?
31770
What is -14424 (base 5) in base 13?
-744
7263 (base 13) to base 9
23603
3120223 (base 4) to base 15
4197
-600 (base 10) to base 16
-258
What is -441510 (base 6) in base 8?
-107522
Convert 3548 (base 11) to base 10.
4650
432 (base 9) to base 10
353
1250 (base 12) to base 4
200130
What is 6a6 (base 13) in base 14?
5c2
Convert -d00 (base 16) to base 14.
-12da
Convert -1001111100 (base 2) to base 3.
-212120
What is -14cc (base 13) in base 9?
-4148
What is -35641 (base 9) in base 14?
-8999
What is -3203032 (base 4) in base 7?
-60253
Convert 6642 (base 8) to base 11.
2693
Convert 374 (base 8) to base 2.
11111100
-76446 (base 9) to base 4
-30113223
-242 (base 12) to base 2
-101010010
-2 (base 5) to base 2
-10
What is 401113 (base 5) in base 13?
59b9
-10111110101 (base 2) to base 5
-22100
Convert -320122 (base 6) to base 8.
-62562
What is -b7b (base 13) in base 16?
-7a9
What is db7 (base 14) in base 7?
10620
What is -4ba (base 15) in base 4?
-100303
What is 18a9 (base 14) in base 4?
1011231
Convert 156136 (base 7) to base 16.
78e2
What is 1202311 (base 5) in base 2?
101011010111110
4321 (base 5) to base 16
24a
Convert 14203 (base 10) to base 12.
8277
Convert -102031 (base 4) to base 2.
-10010001101
What is 444f (base 16) in base 8?
42117
What is -1261 (base 10) in base 12?
-891
1001111100 (base 2) to base 11
529
What is 1aa (base 16) in base 5?
3201
Convert 62777 (base 9) to base 13.
15b44
1505 (base 9) to base 15
50e
Convert 1114 (base 5) to base 14.
b5
110101011000 (base 2) to base 13
172a
What is 3157 (base 9) in base 8?
4420
-21453 (base 6) to base 7
-11463
-3d82 (base 16) to base 13
-7223
-1264 (base 7) to base 9
-601
Convert 21346 (base 7) to base 14.
1d26
What is 1111001010 (base 2) in base 6?
4254
What is 280 (base 12) in base 5?
3014
-13202 (base 6) to base 14
-a42
What is 143 (base 10) in base 16?
8f
Convert -5781 (base 13) to base 16.
-2ff1
What is -10dd (base 16) in base 8?
-10335
-21086 (base 10) to base 14
-7982
1100014 (base 5) to base 9
27653
What is -141225 (base 6) in base 15?
-3de5
-455a (base 14) to base 3
-121111210
-1022111 (base 3) to base 16
-3be
Convert -31728 (base 9) to base 8.
-51015
What is -1c0 (base 16) in base 7?
-1210
Convert 430 (base 7) to base 5.
1332
-1363 (base 11) to base 4
-123203
-3542 (base 9) to base 15
-ba5
a9b6 (base 14) to base 7
151416
Convert -2e9e (base 16) to base 9.
-17330
What is -12686 (base 11) in base 3?
-220212020
What is b3 (base 15) in base 14?
c0
-10132 (base 7) to base 10
-2473
What is 10222131 (base 4) in base 8?
45235
Convert -1451 (base 6) to base 16.
-187
What is 266 (base 16) in base 7?
1535
Convert 110212 (base 3) to base 5.
2342
1260 (base 10) to base 4
103230
What is 2510 (base 8) in base 2?
10101001000
Convert 77bd (base 16) to base 8.
73675
Convert 638 (base 12) to base 11.
756
What is 6005 (base 7) in base 14?
a75
Convert 3d8 (base 16) to base 2.
1111011000
What is 33a (base 13) in base 2?
1000101100
What is -213103 (base 4) in base 16?
-9d3
Convert -52500 (base 8) to base 14.
-7d4c
Convert 20021210 (base 3) to base 12.
27a0
What is 302 (base 15) in base 2?
1010100101
Convert -1b9a0 (base 13) to base 15.
-111a4
What is -785 (base 10) in base 9?
-1062
394 (base 15) to base 2
1100101110
Convert -4003 (base 5) to base 15.
-238
What is -33305 (base 6) in base 15?
-159e
-1200120 (base 3) to base 7
-3405
9b2 (base 14) to base 4
132000
Convert 1d0 (base 15) to base 16.
1a4
Convert -1a9 (base 15) to base 11.
-31a
-7f (base 16) to base 5
-1002
53333 (base 10) to base 14
15617
Convert 425 (base 14) to base 15.
397
Convert 424402 (base 5) to base 6.
150240
-8f07 (base 16) to base 9
-55203
What is -1ce (base 15) in base 5?
-3134
-131313 (base 4) to base 5
-30121
What is 104c (base 13) in base 15?
a0b
Convert ddb (base 15) to base 12.
198b
-6657 (base 13) to base 2
-11011110111100
What is 5e84 (base 15) in base 9?
30567
What is 100101001101010 (base 2) in base 14?
6d2a
Convert 58034 (base 9) to base 2.
1001011100001100
-8302 (base 12) to base 7
-56366
Convert -142252 (base 7) to base 11.
-19507
What is 28 (base 15) in base 12?
32
What is -24ea (base 15) in base 2?
-1111010111110
Convert -24406 (base 7) to base 3.
-22202011
What is -3037 (base 8) in base 9?
-2131
-24461 (base 12) to base 13
-1941a
-39 (base 11) to base 4
-222
What is 4606 (base 8) in base 10?
2438
-118361 (base 9) to base 11
-49999
Convert -142 (base 6) to base 10.
-62
What is -2851 (base 10) in base 15?
-ca1
-2540a (base 11) to base 3
-1211222022
What is -20232 (base 4) in base 13?
-33c
Convert -11320 (base 4) to base 6.
-1424
Convert -3438 (base 15) to base 14.
-4074
72b (base 14) to base 10
1411
Convert -1011101011 (base 2) to base 5.
-10442
-222350 (base 6) to base 9
-27603
What is -12a4 (base 15) in base 8?
-7613
Convert 678 (base 9) to base 4.
20231
What is -1c0 (base 16) in base 11?
-378
-1211 (base 3) to base 14
-37
-25ac (base 15) to base 5
-224122
Convert -1674 (base 10) to base 2.
-11010001010
-1963 (base 12) to base 7
-12015
Convert -20200 (base 3) to base 10.
-180
What is -998 (base 11) in base 8?
-2254
What is -1a81 (base 11) in base 13?
-1274
-340 (base 8) to base 7
-440
What is 1001 (base 13) in base 7?
6260
16d6 (base 16) to base 9
8015
What is 10203 (base 5) in base 14?
366
-470 (base 8) to base 5
-2222
Convert 1101101110 (base 2) to base 11.
729
What is -102023 (base 4) in base 7?
-3251
What is -20312 (base 7) in base 9?
-6718
2234 (base 5) to base 6
1251
Convert 1403 (base 5) to base 8.
344
What is a1d (base 15) in base 11?
1791
1660 (base 10) to base 16
67c
What is 1120222202 (base 3) in base 11?
21601
-195 (base 14) to base 5
-2302
-576 (base 9) to base 13
-2a6
Convert 416 (base 16) to base 2.
10000010110
Convert 10464 (base 7) to base 15.
bb3
31c (base 13) to base 5
4112
What is -36424 (base 7) in base 6?
-111511
3400 (base 5) to base 8
733
What is -3132 (base 7) in base 14?
-589
-7660 (base 8) to base 5
-112031
Convert 1751c (base 13) to base 5.
2413220
What is 11112222 (base 3) in base 5?
101240
Convert -20331 (base 9) to base 14.
-4c49
Convert 361 (base 11) to base 5.
3210
8602 (base 9) to base 12
37a8
Convert 5095 (base 10) to base 6.
35331
Convert -2166 (base 8) to base 5.
-14032
Convert 1137 (base 10) to base 5.
14022
What is 1161 (base 14) in base 12?
1901
Convert 1052345 (base 6) to base 8.
150711
